Suppose 3*n = -2*v - 15, -o*v - 42 = -n - 47. What is d(v)?
8
Let a(d) be the third derivative of d**6/120 + 11*d**5/60 - d**4/8 - 4*d**3 + 121*d**2 - 3*d. What is a(-11)?
9
Suppose 18*z = 21*z + 12. Let r(i) = -i**3 - 4*i**2 + 2*i - 4. Let k(s) = -2*s. Let d(t) = z*k(t) - r(t). Calculate d(-4).
-20
Let r = 266 - 264. Let q(m) = 1 - 5 - 4*m**2 - 11*m**r + m + 14*m**2. Give q(5).
-24
Let b be (13/2)/(18/(-36)). Let u(v) = 11*v + 142. Let y be u(b). Let k(j) be the second derivative of j**3/3 - j**2/2 - j. Give k(y).
-3
Let w(s) = -s**2 + 10*s - 4. Let d(n) = 8*n**2 - 7*n**2 + 14*n**2 - n**3 + 16 - 28*n. Let f be d(13). Let u be -3 - 14*5/f. Calculate w(u).
20
Suppose -4 = n + 2*j - 15, -4*j = -3*n - 7. Let i(h) = -12*h**2 + 8*h**2 + 3 + 8*h + h**n + 11*h**2 + 0*h. Determine i(-5).
13
Let t = 40 + -24. Let u(y) be the second derivative of y**5/20 - 17*y**4/12 + 5*y**3/2 + 10*y**2 + 55004*y. Give u(t).
4
Let g(a) = 13*a**2 - 2*a - 14. Let h(o) = 28*o**2 - 6*o - 31. Let j(k) = -13*g(k) + 6*h(k). Determine j(-7).
17
Let q(h) = -h**2 - 13554*h - 13559*h - 2 + 27119*h. What is q(2)?
6
Let t(x) = x**2 - 9*x - 17. Suppose 0 = -22*g - 88 - 22. What is t(g)?
53
Suppose 0 = -2*x - 4*o, -3*x + 5*o - 10*o = -5. Let m(t) be the third derivative of t**5/60 - 11*t**4/24 - 5*t**3/6 + 28*t**2. What is m(x)?
-15
Let g(f) be the second derivative of f**5/60 - f**4/3 + 3*f**3/2 - 19*f**2 - 31*f. Let u(o) be the first derivative of g(o). What is u(6)?
-3
Let n(b) = 15*b + 240. Let d(h) = 15*h + 299. Let q(f) = 4*d(f) - 5*n(f). Determine q(2).
-34
Let q(r) = -r**2 - 2*r - 2. Let m(z) = -3*z**2 - 14*z - 12. Let a(d) = m(d) - 4*q(d). What is a(10)?
36
Let v(u) = 4*u - 1. Let d(x) = -11*x + 3. Let g(i) = -6*d(i) - 17*v(i). Suppose 56 - 29 = -3*k. Calculate g(k).
17
Let l(w) = -w**2 + 1. Suppose -3 + 17 = v. Let j be (-1 + 0)*(-10)/(15/(-3)) + 17. Suppose 0 = j*n - v*n + 2. Determine l(n).
-3
Let y(x) = 5520*x + 579609. Let w be y(-105). Let g(b) = b**2 - 13*b - 10. Let c(s) = -3*s**2 + 38*s + 30. Let t(p) = -4*c(p) - 11*g(p). Determine t(w).
-10
Suppose 0 = -1447*t + 1448*t + 1. Let m(k) = 35*k + 34. Let p be m(t). Let h(g) = g**2 - g. Determine h(p).
2
Let p(v) = -25*v**3 - 7*v**2 + 10*v + 28. Let z(b) = 9*b**3 + 3*b**2 - 4*b - 10. Let d(k) = 4*p(k) + 11*z(k). Let y be (12/(-15))/(1/(-5)). Give d(y).
2
Let p(l) = 6*l - 23. Suppose 150*u - 147*u - 2 = -4*i, 3*u + 6 = 0. Determine p(i).
-11
Let f = -38 + 38. Suppose f*z + 30 = -6*z. Let y be z + -2 + -2 + 3. Let x(r) = -r**2 - 2*r + 6. What is x(y)?
-18
Let b(r) be the third derivative of 0*r + 1/3*r**4 + r**2 + 0 - 1/6*r**3. Determine b(1).
7
Let s(y) = y**3 + 2*y**2 - 6*y + 14. Let u be s(-4). Suppose -u*i + 55*i = 294. Let c(p) = p**3 - 6*p**2 + p - 1. Calculate c(i).
5
Let t be 96*(5/(-5))/(1 - 0). Let x be (48/t)/((-1)/(-14)). Let n(l) = l**2 + 8*l + 3. Calculate n(x).
-4
Let k = -32 + 41. Let q be -2 + k - (-1 + 5). Let o(m) = 5*m**q + 2*m**3 + 3*m**2 - 2 - 8*m**3. Determine o(3).
-2
Let k(u) = 29*u**2 + 150*u - 22. Let d(l) = -l**2 - 11*l + 2. Let c(a) = 14*d(a) + k(a). What is c(3)?
129
Let v(z) = -114*z - 27*z - 2 + 3 + 71*z + 57*z. Let m be 2/(-8) - 2/(-8). Suppose -c = -m*c - 2. Calculate v(c).
-25
Let j(w) be the first derivative of w**4/4 - 7*w**3/3 + w**2 + w + 16. Let f = -1198 - -1205. Calculate j(f).
15
Let h(z) = -z**2 + 8*z - 13. Suppose 161*v - 798 = 47*v. What is h(v)?
-6
Let g = -3775 + 3758. Let s(a) = 2*a**2 + 36*a + 1. What is s(g)?
-33
Suppose 7*z + 78 = 33*z. Let v(t) = -10*t + 4. Let s(a) = 15*a - 6. Suppose 3*n - 9 = 0, 5*n = -4*d + 3*n + 38. Let p(q) = d*v(q) + 5*s(q). Give p(z).
-13
Suppose -2*p = -3*p + 3. Let b(j) = 165*j - 6*j**2 - 172*j - 5 + p - j**3. Calculate b(-5).
8
Suppose 116*a = -253*a + 65*a - 912. Let u = -6 - -8. Let p(k) = -4*k**2 + 0*k**u + 3 + 2*k**2 + k. What is p(a)?
-18
Let b = -75 + 79. Let c be b + 1 - 1 - (32 - 30). Let z(n) = -3*n**2 - 1 - 2*n**c + 0*n**2. Calculate z(1).
-6
Let v(y) be the third derivative of y**4/24 - 17*y**3/2 - 704*y**2. Calculate v(13).
-38
Let d be 6*2 - 580/58 - (0 + -11). Let i(v) = v**2 - 4*v - 7. Calculate i(d).
110
Let z(f) = f**2 + 25*f + 42. Let o be z(-24). Let t be o/(-4)*1*(-4)/(-2). Let n(q) = -q - 14. What is n(t)?
-5
Let c(v) be the third derivative of -v**5/60 - v**4/8 - v**3/3 - 14*v**2 + 28*v. Suppose 0 = 6*g - 0 + 24. Determine c(g).
-6
Let s(n) = -3*n**3 - 37*n**2 + 62*n + 25. Let b(h) = -2*h**3 - 20*h**2 + 32*h + 12. Let p(w) = 5*b(w) - 3*s(w). Calculate p(7).
-1
Let m(h) = 20*h**2 + 4*h**3 - 1 - 4*h - 16*h**2 + 4 - 5*h**3. Let q(g) be the second derivative of g**3/6 - 9*g**2/2 - 15*g. Let j be q(12). Give m(j).
0
Let u(b) = b**3 + 342*b - 338*b + 3*b**2 + 3 - 3*b**2 + 5*b**2. What is u(-5)?
-17
Let p(g) = g**3 - 10*g**2 + 8*g + 3. Let w = 18 - -28. Suppose -f + 114 - w = 0. Suppose 41 = -3*c + f. Determine p(c).
-6
Suppose -4*h = -354 + 442. Let s(a) = -a - 24. Determine s(h).
-2
Let w(k) be the third derivative of 2*k + 1/2*k**3 + 0 - 1/3*k**4 - 126*k**2. Give w(5).
-37
Let b(q) = -7*q**2 + 29*q - 45. Let c(f) = 31*f**2 - 116*f + 172. Let x(t) = 9*b(t) + 2*c(t). What is x(26)?
17
Let t(g) = -g**3 - 6*g**2 - g. Let f be t(-6). Let w(y) = -87 + 3*y - 106 + 265 - 92. What is w(f)?
-2
Suppose -18*y + 65 = 3*y - 34*y. Let l(s) = s**2 - 12*s - 89. Give l(y).
-4
Let y(n) = -56*n**2 + 0*n + 17 - 5*n + 58*n**2. What is y(5)?
42
Let l be -367 - -365 - (-84)/(-4)*(-1)/(-3). Let v(u) = -u**3 - 8*u**2 + 7*u - 6. Give v(l).
12
Let b(m) = -m**2 - 16*m - 56. Suppose 127*n + 94 = 118*n + 4. Determine b(n).
4
Let g(c) be the first derivative of -1/2*c**2 - 29 - 10*c - 1/6*c**3. Let y(l) be the first derivative of g(l). Give y(-2).
1
Suppose -4*j - 6 = 2*c, 2 + 4 = -2*j. Suppose 2*f - 3 + 1 = -3*g, 0 = -2*g - 2*f. Let d(h) = 2*h + 4*h - 6*h - g*h. Calculate d(c).
-6
Let c(s) = -s**2 - s + 6. Let y(g) = -g**3 + 13*g**2 + 6*g - 71. Let l be y(13). What is c(l)?
-50
Let c(j) = -j**3 - 15*j**2 + 15*j - 32. Let t be c(-15). Let f = t - -141. Let g = 107 + f. Let h(o) = -o**3 - 9*o**2 - o - 11. Determine h(g).
-2
Suppose d + 6*x = -46, 20 = -316*d + 318*d - 4*x. Let k(a) = 23*a - 4. Give k(d).
-96
Let t(m) = -4238*m - 16957. Let r be t(-4). Let j(x) = 2*x**3 + 9*x**2 + 30. Determine j(r).
5
Let z(k) = -6*k**2 - 13*k - 10. Let x be z(-6). Let w = 146 + x. Let g(d) = 2*d**2 - 1. Determine g(w).
7
Let z(x) be the first derivative of 3*x**2/2 - 8*x + 625. Give z(5).
7
Let x(h) = 2 - 7 + 509*h - 2 + 3 - 508*h. Let d(t) = -t**2 + 8*t - 4. Suppose 3*u = 4 + 14. Let a be d(u). Give x(a).
4
Let l(o) = -o**2 + 2*o + 1. Let u(w) = w**3 + 7*w**2 + 2*w + 9. Let i be u(-7). Let m be ((-9)/27)/(i/45). What is l(m)?
-2
Let g(i) be the second derivative of -4 - 13*i - 7/2*i**2 - 1/6*i**4 - 4/3*i**3. Give g(-5).
-17
Suppose 801 = 15*r + 756. Let z(q) be the third derivative of -1/6*q**3 - 2*q**2 - 1/120*q**6 + 1/8*q**4 + 0 + 0*q + 1/60*q**5. Calculate z(r).
-10
Let c(f) = 34*f - 353. Let j(l) = -29*l + 348. Let n(a) = 3*c(a) + 4*j(a). Calculate n(24).
-3
Let m(w) be the first derivative of -w**2/2 + 17. Let g(x) = -8*x + 4. Let c(v) = -g(v) + 6*m(v). Calculate c(0).
-4
Let r(m) = -47*m**3 - 70*m**2 + 35*m - 122. Let k(g) = 8*g**3 + 12*g**2 - 6*g + 21. Let n(b) = -35*k(b) - 6*r(b). Determine n(4).
125
Let z(a) = -a**2 - 2*a + 5. Let h = 63 - 46. Suppose -h*w - 51 = 17. Calculate z(w).
-3
Suppose -5*z + 4*o = -30, 0*z - o = -4*z + 13. Suppose 0 = -q + 4*q. Let t(v) = q + 0*v**2 - 1 - 4*v**2 + v**3. What is t(z)?
-9
Let a be (1 - 0)*(5 + 6/(-1)). Let m(i) = -4*i**3 - 3*i**2 - i. Let x be m(a). Let v(u) = -9*u**2 + 9*u**2 + 8 - 5*u**2 - u**x + u**3 - 7*u. Give v(7).
8
Let s be (-6)/(-3) - (-16 + 13). Suppose 4*k = -s*w + 21, 2*k + w - 5 = k. Let t(f) = f**3 - 3*f**2 + 5. Determine t(k).
21
Let n(d) = 3*d + 4. Suppose 42 = 4*u + 10*u. Let r be (u + 29/(-7))/(28/(-98)). What is n(r)?
16
Let j(z) = -z**2 - 69*z - 311. Let w be j(-5). Let n(i) = i**3 - 8*i**2 - 14*i + 51. Give n(w).
6
Let b(a) = a + 7. Let k = -1114 - -1110. Calculate b(k).
3
Let s = 749 + -179. Suppose -s = 6*q + 51*q. Let z(u) = -u**2 - 10*u + 11. Determine z(q).
11
Let n(h) = h**2 + 32*h + 145. Let c(a) = a**3 - 7*a**2 - 981*a + 29. Let b be c(35). Give n(b).
-11
Let i(a) = -a**3 - 6*a**2 + a + 7. 